{"id":10,"date":"2015-11-03T16:14:41","date_gmt":"2015-11-03T15:14:41","guid":{"rendered":"http:\/\/www.macelleriacolleoni.it\/?page_id=10"},"modified":"2020-12-01T14:10:57","modified_gmt":"2020-12-01T13:10:57","slug":"servizi","status":"publish","type":"page","link":"https:\/\/www.macelleriacolleoni.it\/?page_id=10","title":{"rendered":"Servizi"},"content":{"rendered":"<h2 style=\"text-align: justify;\">Parcheggio Auto<\/h2>\n<p style=\"text-align: justify;\">Direttamente all\u2019esterno della macelleria disponiamo di un comodo parcheggio riservato ai nostri clienti. Grazie a questo servizio puoi raggiungerci in auto, moto e bicicletta senza il pensiero di dover cercare una zona di sosta e senza preoccuparti di dover trasportare a mano pesanti borse della spesa.<\/p>\n<h2>Dog Parking<\/h2>\n<p style=\"text-align: justify;\">Direttamente all&#8217;esterno della macelleria disponiamo di un spazio dedicato ai nostri amici a quattro zampe che non possono entrare nel negozio. Si tratta di un moschettone ben agganciato alla parete al riparo dalla pioggia e sicuro dagli spostamenti\/manovre dei veicoli.<\/p>\n<h2 style=\"text-align: justify;\">Servizio per Ristorazione<\/h2>\n<p style=\"text-align: justify;\">Oltre alla vendita diretta, la nostra macelleria \u00e8 disponibile per la fornitura di ristoranti, agriturismi e feste di paese. Per quest\u2019ultime disponiamo anche di celle frigorifere mobili \u2013 in comodato d\u2019uso gratuito se ti affidi alla nostra fornitura \u2013 che consentono di migliorare e rendere pi\u00f9 completo il servizio offerto. Per ulteriori informazioni non esitare a contattarci.<\/p>\n<h2 style=\"text-align: justify;\">Cesti e Confezioni Regalo<\/h2>\n<p style=\"text-align: justify;\">Realizziamo con piacere cesti e confezioni regalo personalizzate durante tutto l\u2019anno. Di particolare effetto sono sicuramente i nostri festosi cesti natalizi e le colorate confezioni regalo pasquali, preparati con prodotti tradizionali locali e di nostra produzione che tu stesso puoi scegliere. In questo modo hai la possibilit\u00e0 di personalizzare il tuo regalo in base ai gusti del fortunato che lo ricever\u00e0.<\/p>\n<h2 style=\"text-align: justify;\">Men\u00f9 di Natale e Servizio Gastronomia Durante le Festivit\u00e0<\/h2>\n<p style=\"text-align: justify;\">Ogni anno proponiamo due men\u00f9 natalizi, uno a base di carne e uno di pesce. Goditi il periodo delle festivit\u00e0 senza alcun pensiero e con la sicurezza di accontentare i gusti dei tuoi ospiti: pensiamo a tutto noi cos\u00ec tu puoi sederti tranquillamente a tavola e goderti il pranzo o la cena insieme a tutti i commensali.<\/p>\n<p style=\"text-align: justify;\">Offriamo anche un ulteriore servizio di gastronomia durante le festivit\u00e0: tu scegli direttamente dal banco della macelleria il secondo piatto che desideri servire ai tuoi ospiti e poi saremo noi a occuparci della sua cottura e preparazione. In questo modo puoi goderti le feste senza pensieri!<\/p>\n<h2 style=\"text-align: justify;\">Buono Spesa<\/h2>\n<p style=\"text-align: justify;\">Difficolt\u00e0 a trovare il regalo ideale per i tuoi cari? Noi abbiamo la soluzione: il buono spesa della Macelleria Colleoni! Disponibile a Natale e durante tutto l\u2019anno, questo gustoso regalo \u00e8 sempre molto apprezzato ed \u00e8 perfetto per ogni occasione. Decidi l\u2019importo del buono, personalizzalo con una dedica speciale e stupisci amici e parenti con questo dono originale e adatto a tutti.<\/p>\n","protected":false},"excerpt":{"rendered":"<p>Parcheggio Auto Direttamente all\u2019esterno della macelleria disponiamo di un comodo parcheggio riservato ai nostri clienti. Grazie a questo servizio puoi raggiungerci in auto, moto e bicicletta senza il pensiero di dover cercare una zona di sosta e senza preoccuparti di dover trasportare a mano pesanti borse della spesa. Dog Parking Direttamente all&#8217;esterno della macelleria disponiamo [&hellip;]<\/p>\n","protected":false},"author":1,"featured_media":0,"parent":0,"menu_order":5,"comment_status":"closed","ping_status":"closed","template":"","meta":[],"_links":{"self":[{"href":"https:\/\/www.macelleriacolleoni.it\/index.php?rest_route=\/wp\/v2\/pages\/10"}],"collection":[{"href":"https:\/\/www.macelleriacolleoni.it\/index.php?rest_route=\/wp\/v2\/pages"}],"about":[{"href":"https:\/\/www.macelleriacolleoni.it\/index.php?rest_route=\/wp\/v2\/types\/page"}],"author":[{"embeddable":true,"href":"https:\/\/www.macelleriacolleoni.it\/index.php?rest_route=\/wp\/v2\/users\/1"}],"replies":[{"embeddable":true,"href":"https:\/\/www.macelleriacolleoni.it\/index.php?rest_route=%2Fwp%2Fv2%2Fcomments&post=10"}],"version-history":[{"count":10,"href":"https:\/\/www.macelleriacolleoni.it\/index.php?rest_route=\/wp\/v2\/pages\/10\/revisions"}],"predecessor-version":[{"id":544,"href":"https:\/\/www.macelleriacolleoni.it\/index.php?rest_route=\/wp\/v2\/pages\/10\/revisions\/544"}],"wp:attachment":[{"href":"https:\/\/www.macelleriacolleoni.it\/index.php?rest_route=%2Fwp%2Fv2%2Fmedia&parent=10"}],"curies":[{"name":"wp","href":"https:\/\/api.w.org\/{rel}","templated":true}]}}