{"id":349,"date":"2017-12-01T12:10:07","date_gmt":"2017-12-01T11:10:07","guid":{"rendered":"http:\/\/www.macelleriacolleoni.it\/?page_id=349"},"modified":"2021-01-09T14:14:33","modified_gmt":"2021-01-09T13:14:33","slug":"ordina-e-ritira-la-nostra-qualita-online","status":"publish","type":"page","link":"https:\/\/www.macelleriacolleoni.it\/","title":{"rendered":"ORDINA E RITIRA &#8211; La nostra qualit\u00e0 online"},"content":{"rendered":"<p><a href=\"http:\/\/www.macelleriacolleoni.it\/wp-content\/uploads\/2017\/12\/Servizio-online.jpg\"><img loading=\"lazy\" class=\"size-full wp-image-356 aligncenter\" src=\"http:\/\/www.macelleriacolleoni.it\/wp-content\/uploads\/2017\/12\/Servizio-online.jpg\" alt=\"Servizio online\" width=\"580\" height=\"229\" srcset=\"https:\/\/www.macelleriacolleoni.it\/wp-content\/uploads\/2017\/12\/Servizio-online.jpg 580w, https:\/\/www.macelleriacolleoni.it\/wp-content\/uploads\/2017\/12\/Servizio-online-300x118.jpg 300w\" sizes=\"(max-width: 580px) 100vw, 580px\" \/><\/a><\/p>\n<p style=\"text-align: justify;\">Il servizio \u201cSpesa Online &#8211; Ordina e Ritira\u201d \u00e8 nato per offrire numerosi vantaggi ai clienti che vogliono effettuare la spesa comodamente da casa e ritirarla direttamente in negozio durante gli orari di apertura. Il tempo necessario per effettuare i propri acquisti sar\u00e0 notevolmente ridotto e le attese alla cassa\/negozio completamente annullate. Si potr\u00e0 ritirare comodamente la spesa durante i propri tragitti quotidiani verso casa senza doversi preoccupare della lista della spesa. Ulteriore vantaggio \u00e8 dato dal costo del servizio: completamente gratuito e senza importi minimi di spesa.<\/p>\n<p>Il pagamento avverr\u00e0 solo al momento del ritiro della merce ordinata presso il negozio (solo in caso di spese voluminose potr\u00e0 essere richiesto, in fase di contatto telefonico, un acconto). L&#8217;ordine pu\u00f2 essere annullato o modificato entro 24 ore prima del ritiro contattandoci al numero 035663786. Oltre tale termine non potr\u00e0 pi\u00f9 essere n\u00e9 annullato n\u00e9 modificato.<\/p>\n<h3>PUOI ORDINARE MOLTISSIMI PRODOTTI\u2026SCEGLI FRA QUELLI ELENCATI DI SEGUITO:<\/h3>\n<p><span style=\"text-decoration: underline;\">CARNE MANZO<\/span><\/p>\n<p>Roastbeef (Entrec\u00f4te) di Chianina, Filetto, Costata scottona, Carpaccio, Hamburger di chianina, Fettine di scamone, Polpa per brasato o stufato, Asado, Arrosti, Bollito con o senza osso, Spezzatino, Macinata<\/p>\n<p><span style=\"text-decoration: underline;\">CARNE VITELLO<\/span><\/p>\n<p>Filetto, Nodini, Hamburger, Ossibuchi, Arrosto liscio o farcito (speck+scamorza, cotto+salsiccia, pasta di salame e fontina, etc\u2026), Fettine scelte di coscia, Spezzatino, Macinata<\/p>\n<p><span style=\"text-decoration: underline;\">CARNI BIANCHE E SUINO<\/span><\/p>\n<p>Pollo nostrano, Petto di pollo, Cosce di pollo, Ali di pollo, Fesa di tacchino, Hamburger pollo\/tacchino, Arrosto pollo\/tacchino (anche farciti), Straccetti marinati, Coniglio nostrano, Lonza (arista), Filetto di maiale, Braciole di suino, Macinate (pollo, tacchino o suino)<\/p>\n<p><span style=\"text-decoration: underline;\">SUPER GRIGLIATA<\/span><\/p>\n<p>Costine maiale (anche in salsa BBQ), Aletta costine maialino intera, Salamella (cotechino) di puro suino, Salsiccia di suino, Spiedini misti, Cosce pollo disossate e marinate, Ali pollo in salsa BBQ, Tagliate di roastbeef marinate, Hamburger di pasta salame<\/p>\n<p><span style=\"text-decoration: underline;\">I NOSTRI SALUMI<\/span><\/p>\n<p>Salame nostrano Colleoni (tradizionale con Valcalepio o al Moscato di Scanzo), pancetta nostrana Colleoni (arrotolata o tesa), Cotto di alta gastronomia, Bresaola di manzo stagionata, Speck stagionato, Crudo San Daniele, Crudo Parma, Roastbeef all\u2019inglese, Carne salata di cavallo, Fontina, Scamorza, Mortadella. Tutti i nostri salumi li puoi ordinare gi\u00e0 affettati o in pezzi del peso che desideri.<\/p>\n<p><span style=\"text-decoration: underline;\">I NOSTRI PANATI<\/span><\/p>\n<p>Fesa tacchino o Lonza a fette, Polpettine del Colleoni, Valdostane (cotto + fontina), Mozzarella in carrozza, Zucchine, Teneroni di pollo.<\/p>\n<h3><strong>INVIA SUBITO IL TUO ORDINE:<br \/>\n<div class=\"wpforms-container wpforms-container-full\" id=\"wpforms-512\"><form id=\"wpforms-form-512\" class=\"wpforms-validate wpforms-form\" data-formid=\"512\" method=\"post\" enctype=\"multipart\/form-data\" action=\"\/index.php?rest_route=%2Fwp%2Fv2%2Fpages%2F349\" data-token=\"8a54fb907f51b633b22ace60755e2494\"><noscript class=\"wpforms-error-noscript\">Abilita JavaScript nel browser per completare questo modulo.<\/noscript><div class=\"wpforms-field-container\"><div id=\"wpforms-512-field_3-container\" class=\"wpforms-field wpforms-field-name\" data-field-id=\"3\"><label class=\"wpforms-field-label\" for=\"wpforms-512-field_3\">Nome <span class=\"wpforms-required-label\">*<\/span><\/label><input type=\"text\" id=\"wpforms-512-field_3\" class=\"wpforms-field-medium wpforms-field-required\" name=\"wpforms[fields][3]\" required><\/div><div id=\"wpforms-512-field_1-container\" class=\"wpforms-field wpforms-field-email\" data-field-id=\"1\"><label class=\"wpforms-field-label\" for=\"wpforms-512-field_1\">Email <span class=\"wpforms-required-label\">*<\/span><\/label><input type=\"email\" id=\"wpforms-512-field_1\" class=\"wpforms-field-medium wpforms-field-required\" name=\"wpforms[fields][1]\" required><\/div><div id=\"wpforms-512-field_4-container\" class=\"wpforms-field wpforms-field-text\" data-field-id=\"4\"><label class=\"wpforms-field-label\" for=\"wpforms-512-field_4\">Telefono<\/label><input type=\"text\" id=\"wpforms-512-field_4\" class=\"wpforms-field-medium wpforms-limit-characters-enabled\" data-form-id=\"512\" data-field-id=\"4\" data-text-limit=\"20\" name=\"wpforms[fields][4]\" maxlength=\"20\" ><\/div><div id=\"wpforms-512-field_2-container\" class=\"wpforms-field wpforms-field-textarea\" data-field-id=\"2\"><label class=\"wpforms-field-label\" for=\"wpforms-512-field_2\">Contenuto dell&#039;ordine <span class=\"wpforms-required-label\">*<\/span><\/label><textarea id=\"wpforms-512-field_2\" class=\"wpforms-field-medium wpforms-field-required\" name=\"wpforms[fields][2]\" required><\/textarea><\/div><\/div><div class=\"wpforms-submit-container\" ><input type=\"hidden\" name=\"wpforms[id]\" value=\"512\"><input type=\"hidden\" name=\"wpforms[author]\" value=\"1\"><button type=\"submit\" name=\"wpforms[submit]\" class=\"wpforms-submit \" id=\"wpforms-submit-512\" value=\"wpforms-submit\" aria-live=\"assertive\" data-alt-text=\"Invio in corso...\" data-submit-text=\"Invia\">Invia<\/button><\/div><\/form><\/div>  <!-- .wpforms-container --><\/strong><\/h3>\n","protected":false},"excerpt":{"rendered":"<p>Il servizio \u201cSpesa Online &#8211; Ordina e Ritira\u201d \u00e8 nato per offrire numerosi vantaggi ai clienti che vogliono effettuare la spesa comodamente da casa e ritirarla direttamente in negozio durante gli orari di apertura. Il tempo necessario per effettuare i propri acquisti sar\u00e0 notevolmente ridotto e le attese alla cassa\/negozio completamente annullate. Si potr\u00e0 ritirare [&hellip;]<\/p>\n","protected":false},"author":1,"featured_media":370,"parent":0,"menu_order":10,"comment_status":"closed","ping_status":"closed","template":"","meta":[],"_links":{"self":[{"href":"https:\/\/www.macelleriacolleoni.it\/index.php?rest_route=\/wp\/v2\/pages\/349"}],"collection":[{"href":"https:\/\/www.macelleriacolleoni.it\/index.php?rest_route=\/wp\/v2\/pages"}],"about":[{"href":"https:\/\/www.macelleriacolleoni.it\/index.php?rest_route=\/wp\/v2\/types\/page"}],"author":[{"embeddable":true,"href":"https:\/\/www.macelleriacolleoni.it\/index.php?rest_route=\/wp\/v2\/users\/1"}],"replies":[{"embeddable":true,"href":"https:\/\/www.macelleriacolleoni.it\/index.php?rest_route=%2Fwp%2Fv2%2Fcomments&post=349"}],"version-history":[{"count":29,"href":"https:\/\/www.macelleriacolleoni.it\/index.php?rest_route=\/wp\/v2\/pages\/349\/revisions"}],"predecessor-version":[{"id":574,"href":"https:\/\/www.macelleriacolleoni.it\/index.php?rest_route=\/wp\/v2\/pages\/349\/revisions\/574"}],"wp:featuredmedia":[{"embeddable":true,"href":"https:\/\/www.macelleriacolleoni.it\/index.php?rest_route=\/wp\/v2\/media\/370"}],"wp:attachment":[{"href":"https:\/\/www.macelleriacolleoni.it\/index.php?rest_route=%2Fwp%2Fv2%2Fmedia&parent=349"}],"curies":[{"name":"wp","href":"https:\/\/api.w.org\/{rel}","templated":true}]}}